 of a?
7, 11
Suppose -442*w = -447*w + 3025. List the prime factors of w.
5, 11
Let v(b) = 2*b**2 + 3*b + 6. Suppose -4 = -t + 2*l, 7*t + 4*l = 4*t - 38. What are the prime factors of v(t)?
2, 3, 5
Let q = 1190 + -636. Suppose -5*b + q = -3*d + d, -4*b + 4*d + 448 = 0. What are the prime factors of b?
2, 5, 11
Suppose -2759*v + 2764*v - 6340 = 0. What are the prime factors of v?
2, 317
Let k = 8978 - 5797. List the prime factors of k.
3181
Suppose -8*s + 3*s + 1960 = 4*w, 2*s = 5*w + 784. What are the prime factors of s?
2, 7
Let b be -12*4/(-3 + -13). Suppose -b*j + 59 = 161. List the prime factors of j/(-6) - 6/9.
5
Let d = 3433 - 1561. What are the prime factors of d?
2, 3, 13
Let r = 2554 - -90. What are the prime factors of r?
2, 661
Suppose 31*u = -33776 + 161744. What are the prime factors of u?
2, 3, 43
Let v(i) = -i**3 + i**2 + 3*i + 7. Let m be v(3). What are the prime factors of 170 - (1 - -3)/m?
2, 43
Suppose 3*q + 11 - 47 = 0. Suppose 9*t + 1191 = q*t. Suppose -37 = 5*b - t. List the prime factors of b.
2, 3
Suppose -14*g - 2 = -15*g. Suppose -3*u + u - 68 = -g*v, -76 = -2*v - 2*u. List the prime factors of v.
2, 3
Let k be (-1)/((-8)/148)*-2. Let i = 137 + k. List the prime factors of i.
2, 5
What are the prime factors of (-18)/(-48)*4*266?
3, 7, 19
Suppose -3*o - 2*o - 1 = 3*b, 3*o = 2*b + 7. List the prime factors of o*5 + 192 + -15.
2, 7, 13
Let t = 337 + -230. What are the prime factors of t?
107
Suppose -v = -6 + 4. Suppose -4*i + v*i - 2*o = -2, 0 = -2*i - 3*o. Let y(l) = -l**3 + 5*l**2 - 3*l + 1. List the prime factors of y(i).
2, 5
Suppose 5*m + 138 = 188. List the prime factors of m.
2, 5
List the prime factors of (14670/(-27))/(6/(-9)).
5, 163
Suppose 2*o + 36 = 4*d, -4*o = -2*d + 2 + 16. Let c(x) = x**2 - 5*x. Let v be c(d). Suppose -3*g = -v - 33. List the prime factors of g.
23
Suppose -5*q + 105 = 5*j, 2*j + 5*q - 12 = 42. Suppose -43 = -5*u + j. List the prime factors of (-2)/(u/(-33))*2.
11
Suppose -4*w + 28 = -3*w. What are the prime factors of -13 + 15 + w + 0?
2, 3, 5
Let f be 1/((2/(-6))/1). Let n be f/(-18) - 109/6. List the prime factors of n/(-24) - 41/(-4).
11
What are the prime factors of 1406/(-111)*1*-3 - -2?
2, 5
Let t be (-32)/(-14) + 32/(-112). Suppose -t*r = 5*w - 217, 2*w + 2*r + 41 = 3*w. List the prime factors of w.
43
Let c(d) = -7*d**2 + 36*d - 43. Let j(k) = -6*k**2 + 36*k - 43. Let g(v) = -5*c(v) + 6*j(v). List the prime factors of g(25).
2, 29
Suppose -9*z - 5*t + 5425 = -4*z, 0 = 3*z - t - 3263. List the prime factors of z.
1087
Let b(j) = j**3 + 12*j**2 + 6*j - 13. Let u be b(-12). Let v = -12 - u. What are the prime factors of v?
73
Let i(d) = 3*d**2 + d + 116. What are the prime factors of i(-9)?
2, 5, 7
Suppose 3*g - 7366 = -15*a + 10*a, 3*g = -9. List the prime factors of a.
5, 59
Let g(b) = b**2 - 11*b + 3. Let i be g(11). What are the prime factors of (-4)/(i/(-55 - 2))?
2, 19
Let i(f) be the first derivative of f**4/4 - 10*f**3/3 + f**2/2 - 4*f + 1. Let y be i(10). What are the prime factors of y/(-2) - (-8 - 1)?
2, 3
Suppose -14*w + 9*w + 125 = 0. Let g = 47 - w. What are the prime factors of g?
2, 11
Let g(r) = 5*r + 3. Let v be g(6). Suppose 35*q = v*q + 214. What are the prime factors of q?
107
Let a(s) = -s**3 + 9*s**2 - 9*s + 3. Let o be a(8). Let z = -1 + 2. List the prime factors of z/o + 540/75.
7
Let k(w) = 210*w**2 - w + 11. List the prime factors of k(-3).
2, 7, 17
Suppose 0 = -0*s - 3*s + 231. Suppose -p + 5*o = -39, -p + o - 18 + 65 = 0. Let y = s - p. List the prime factors of y.
2, 7
What are the prime factors of -8 + 42/5 + 3566/10?
3, 7, 17
List the prime factors of (-2)/(-3)*(2646 + 0).
2, 3, 7
Let k(d) = 62*d + 13. List the prime factors of k(1).
3, 5
Suppose 4*i - 2*m - 512 = 0, -2*m + 393 = 3*i + m. What are the prime factors of i?
3, 43
Let f be (-25)/(-5) - (-1 - -2). Suppose s - 173 = -5*j + 4*s, -f = 4*s. Suppose 0 = 2*n + t - 34 - j, -t = n - 34. List the prime factors of n.
2, 17
Let l = 1743 - -1681. What are the prime factors of l?
2, 107
Suppose 0*i - 2*i = 0. Let r be 4 - (i - -1)*2. Suppose 4*g + r*d - 158 = 0, g - 4*d - 37 = -2*d. What are the prime factors of g?
3, 13
Let t(f) = f**3 + 9*f**2 + 5*f + 8. Let h = 17 - -3. Let v be (8/10)/((-2)/h). What are the prime factors of t(v)?
2
Suppose -3*b - 2*b + 1250 = 5*l, 3*b = 5*l + 710. Suppose 0 = -5*n - 5, 2*n + b = 3*r - 3*n. List the prime factors of r.
2, 5
Suppose -15 = j - 6*j. Suppose c - j = -17. List the prime factors of -13 - c - (-56 + -1).
2, 29
Let y(i) = i**2 - 17*i + 389. List the prime factors of y(12).
7, 47
Let i = 747 + 660. List the prime factors of i.
3, 7, 67
Let g be (-1 + -3)/(-2 - 0). Let x = g + 1. Suppose -x*i + 3*l = -13 - 44, 3*l - 12 = 0. What are the prime factors of i?
23
Let o(l) = -15*l. Suppose i + 4*i = 0. Let b(h) = -h**3 - h**2 - 1. Let s be b(i). List the prime factors of o(s).
3, 5
Let j(f) = f**3 + 5*f**2 + 5*f + 5. Let p be j(-4). Let l be 2 + 1 + p + -4. Suppose -3*g + 5*g + 64 = 2*o, 3*o + 3*g - 120 = l. List the prime factors of o.
2, 3
Let h = -849 - -1566. List the prime factors of h.
3, 239
Suppose -4*z - 8 = -j, 2*j = z + 3 - 1. Let t(o) = o**2 + 15. Let f be t(j). Suppose 0*w + 5*w = f. List the prime factors of w.
3
Let p(o) = o**3 - 3*o**2 + 4*o - 3. Let l = 8 + 2. Let g = l + -7. List the prime factors of p(g).
3
Let d = 54 + 669. What are the prime factors of d?
3, 241
Let k(n) = -n**3 - 6*n**2 + 28*n + 86. What are the prime factors of k(-16)?
2, 7, 157
Let v(n) = -n**3 + 18*n**2 - n + 16. Let o be v(18). Let x be (o/3)/(6/(-18)). What are the prime factors of (x/(-3))/((-3)/18)?
2
Let a = -97 + 54. Let f = a + 96. What are the prime factors of f?
53
Suppose -34*x - 45 = -39*x. Suppose -2*n + x*n = 406. List the prime factors of n.
2, 29
Let n(i) be the third derivative of 1/12*i**5 + 1/120*i**6 + 3*i**2 + 0*i**4 + 0 + 0*i - 1/2*i**3. What are the prime factors of n(-4)?
13
Let f(t) = t**3 + 11*t**2 + 3*t + 15. Let g be f(-11). Let h be 845/26 + 1/2. Let r = h - g. What are the prime factors of r?
3, 17
Let a(j) = 532*j + 5. What are the prime factors of a(1)?
3, 179
Let k be 14 - 0 - (-4 + 7). Suppose -1 = -5*f + 14, -3*f + 211 = 2*t. Suppose 5*o = -k + t. What are the prime factors of o?
2, 3
Let h(u) = 1 + 16*u - 10*u - 6. What are the prime factors of h(9)?
7
Let x = 109 + -109. Suppose 12*z - 9*z - 93 = x. What are the prime factors of z?
31
Let p(q) = 2*q**2 - 4*q + 19. List the prime factors of p(6).
67
Suppose 6*c + 913 - 4831 = 0. What are the prime factors of c?
653
Suppose l + 4*a - 785 = 0, 2*l - 1382 - 253 = 5*a. List the prime factors of l.
5, 7, 23
Suppose 378*q = 372*q + 3336. What are the prime factors of q?
2, 139
Let n = -27 - -8. Let f = n - -38. What are the prime factors of f?
19
Let s = -910 + 2460. What are the prime factors of s?
2, 5, 31
Let x = -737 - -1243. List the prime factors of x.
2, 11, 23
Let b = 496 + 311. List the prime factors of b.
3, 269
Let v = -26 + 57. Let w = v + -16. Suppose -3*n + 43 = 5*p - p, -p = 5*n - w. What are the prime factors of p?
2, 5
Suppose -a + 4573 = 2*n, 9152 = 4*n + 7*a - 3*a. List the prime factors of n.
5, 457
Let l(w) = -w**2 + w - 9. Let v be l(-12). Let f = -81 - v. Let b = f - 51. List the prime factors of b.
3, 11
Suppose 0 = -i - 5*o - 3 - 3, 4*o = 4*i - 72. Suppose i - 4 = y. Suppose 2*j - y = 66. List the prime factors of j.
2, 19
List the prime factors of 661/13 + (-12)/(-78).
3, 17
Suppose -90479 = -115*i + 233706. List the prime factors of i.
2819
Let p(q) = q**2 - 18*q + 65. Let f be p(13). Suppose u = -4*h + 124, -3*h + 6*u - u = -116. Suppose -h = -4*z - f*z. What are the prime factors of z?
2
Let c(x) = -x**3 + x**2 - x. Let j(u) = -7*u**3 + 12*u**2 - 3*u - 4. Let s(p) = 6*c(p) - j(p). What are the prime factors of s(8)?
2, 3
Let g be ((-4)/(-2) - (-50)/(-15))*-6. Suppose -10*v + 146 = -g*v. List the prime factors of v.
73
Suppose -3342 = -p + 2*t, 0 = 4*t - 116 + 112. List the prime factors of p.
2, 11, 19
Suppose u - 3092 = -5*a, 3*u = 208*a - 205*a + 9222. List the prime factors of u.
17, 181
Suppose 26121 - 72903 = -18*y. List the prime factors of y.
23, 113
Suppose 0 = -4*r - 0*r + 8. Suppose -r*c + 11 = -13. Let h = c + 8. List the prime factors of h.
2, 5
Le